{"id":15,"date":"2022-11-29T15:45:55","date_gmt":"2022-11-29T14:45:55","guid":{"rendered":"http:\/\/codetik.org\/toponimia\/?page_id=15"},"modified":"2022-11-29T17:40:46","modified_gmt":"2022-11-29T16:40:46","slug":"referencias","status":"publish","type":"page","link":"http:\/\/codetik.org\/toponimia\/oc\/referencias\/","title":{"rendered":"Refer\u00e9ncias"},"content":{"rendered":"\n<ul class=\"wp-block-list\">\n<li>Achard Claude, <em>Dictionnaire satirique des sobriquets collectifs de l&rsquo;H\u00e9rault<\/em>, Centre international de documentation occitane, 1982<\/li>\n\n\n\n<li>Alibert Louis, <em>Dictionnaire Occitan-Fran\u00e7ais d\u2019apr\u00e8s les Parlers Languedociens<\/em>, Toulouse, IEO, 1981<\/li>\n\n\n\n<li>Astor Jacques, <em>Dictionnaire des noms de famille et noms de lieux du Midi de la France<\/em>, \u200e Editions du Beffroi, 2002<\/li>\n\n\n\n<li>Astruc voir site carca agglo marsseillette)<\/li>\n\n\n\n<li>Aymard Robert, <em>Hagiotoponymie de l&rsquo;Aude <\/em>in Nouvelle revue d&rsquo;onomastique n\u00b0 45-46, 2005<\/li>\n\n\n\n<li>Bouvier Jean-Claude,<em>Du d\u00e9clin \u00e0 la mort en toponymie<\/em>,dans Les narrations de la mort , sous la direction de R. Bertrand, A. Carol, J.N. Pelen, Actes du colloque tenu \u00e0 Aix-en-Provence en 2003, Publications de l\u2019Universit\u00e9 de Provence, Aix-en-Provence, 2005, pp. 269-278<\/li>\n\n\n\n<li>Boyrie-F\u00e9ni\u00e9 B\u00e9n\u00e9dicte et F\u00e9ni\u00e9 Jean-Jacques, <em>Toponymie des pays occitans <\/em>, Sud Oues, 2007<\/li>\n\n\n\n<li>Cassagne jean-Marie et Korsac Mariola, <em>Les noms de lieux de l&rsquo;Aude<\/em>, Sud-Ouest, 2009<\/li>\n\n\n\n<li>Cellard Jacques, Vial Eric, <em>Tr\u00e9sors des noms de famille, des noms de villes et de villages<\/em>, Belin, 2017<\/li>\n\n\n\n<li>Cordes L\u00e9on, <em>Lo pich\u00f2t libre de Men\u00e8rba<\/em>, Lod\u00e8ve, impr. des Beaux-Arts, 1974<\/li>\n\n\n\n<li>Carasco Jacques, <em>Dictionnaire des noms de lieux de l&rsquo;Aude<\/em>, Editions Lacour-Oll\u00e9, 2007<\/li>\n\n\n\n<li>Cordes L\u00e9on , <em>\u00d2bra po\u00ebtica<\/em> avec traduction de l&rsquo;auteur, IEO \u00e9ditions, 2020<\/li>\n\n\n\n<li>Dauzat Albert et Rostaing Charles, <em>Dictionnaire \u00e9tymologique des noms de lieux en France<\/em>, Larousse, 1963<\/li>\n\n\n\n<li>Fabre Paul, <em>Noms de lieux du Languedoc<\/em>, 1995<\/li>\n\n\n\n<li>Hamlin Frank R., <em>Toponymie De L&rsquo;H\u00e9rault : Dictionnaire Topographique et Etymologique- Les Noms de Lieux Du D\u00e9partement De L&rsquo;H\u00e9rault<\/em>, \u00c9ditions Du Beffroi \/ \u00c9tudes H\u00e9raultaises<\/li>\n\n\n\n<li>Meyer Paul<\/li>\n\n\n\n<li>Mistral Fr\u00e9d\u00e9ric, <em>Lou Tr\u00e9sor dou F\u00e9librige ou Dictionnaire proven\u00e7al-fran\u00e7ais : embrassant les divers dialectes de la langue d&rsquo;oc moderne<\/em>, Raph\u00e8le-l\u00e8s-Arles,1979<\/li>\n\n\n\n<li>N\u00e8gre Ernest,<em> Le suffixe anicum en pays d\u2019oc, dans Revue Internationale d&rsquo;Onomastique, 17e ann\u00e9e N\u00b01<\/em><\/li>\n\n\n\n<li><em>P\u00e9gorier Andr\u00e9, Les noms de lieux en France, glossaire de termes dialectaux ,1997<\/em><\/li>\n\n\n\n<li>Poudou Francis,<em>Op\u00e9ration Vilatges al pa\u00eds Canton de Ginestas<\/em>F\u00e9d\u00e9ration audoise L\u00e9o Lagrange,1995<\/li>\n\n\n\n<li>Poudou Francis,<em>Op\u00e9ration Vilatges al pa\u00eds Canton de Ginestas<\/em>F\u00e9d\u00e9ration audoise L\u00e9o Lagrange,1995<\/li>\n\n\n\n<li>Poudou Francis,<em>Op\u00e9ration Vilatges al pa\u00eds Canton de L\u00e9zignan Corbi\u00e8res<\/em>F\u00e9d\u00e9ration audoise L\u00e9o Lagrange, 2002<\/li>\n\n\n\n<li>Abb\u00e9 Sabarth\u00e8s.<em> Dictionnaire topographique du d\u00e9partement de l&rsquo;Aude<\/em>, Paris, Imprimerie Nationale, 1912<\/li>\n\n\n\n<li>Sindou Raymond et Ernest N\u00e8gre, <em>Toponymie g\u00e9n\u00e9rale de la France. \u00c9tymologie de 35000 noms de lieux<\/em>3 vol.. In: Cahiers de civilisation m\u00e9di\u00e9vale, 36e ann\u00e9e (n\u00b0144), 1990\/91<\/li>\n\n\n\n<li>Taffanel Jean et Odette, <em>Bulletin de la soci\u00e9t\u00e9 d&rsquo;\u00e9tudes scientifiques de l&rsquo;Aude n\u00b087<\/em><\/li>\n\n\n\n<li>Trinquier Pierre,<em> Les herbes d&rsquo;oc et leurs vertus<\/em>, Editions Lacour,1997<\/li>\n\n\n\n<li>Weller Olivier, Dufraisse Alexa et P\u00e9trequinPierre, <em>Sel eau et for\u00eat d&rsquo;hier \u00e0 aujourd&rsquo;hui<\/em>, Presses universitaires de Franche comt\u00e9,2008<\/li>\n\n\n\n<li>Cartes de Cassini (lev\u00e9es des cartes entre 1750 et 1756)<\/li>\n\n\n\n<li>Table de Peutinger c(opie du XIIIe si\u00e8cle d&rsquo;une ancienne carte romaine o\u00f9 figurent les routes et les villes principales de l&rsquo;Empire romain)&lt;:LI&lt;<\/li>\n\n\n\n<li>Wikip\u00e9dia<\/li>\n<\/ul>\n","protected":false},"excerpt":{"rendered":"","protected":false},"author":1,"featured_media":0,"parent":0,"menu_order":0,"comment_status":"closed","ping_status":"closed","template":"","meta":{"footnotes":""},"class_list":["post-15","page","type-page","status-publish","hentry"],"_links":{"self":[{"href":"http:\/\/codetik.org\/toponimia\/wp-json\/wp\/v2\/pages\/15","targetHints":{"allow":["GET"]}}],"collection":[{"href":"http:\/\/codetik.org\/toponimia\/wp-json\/wp\/v2\/pages"}],"about":[{"href":"http:\/\/codetik.org\/toponimia\/wp-json\/wp\/v2\/types\/page"}],"author":[{"embeddable":true,"href":"http:\/\/codetik.org\/toponimia\/wp-json\/wp\/v2\/users\/1"}],"replies":[{"embeddable":true,"href":"http:\/\/codetik.org\/toponimia\/wp-json\/wp\/v2\/comments?post=15"}],"version-history":[{"count":3,"href":"http:\/\/codetik.org\/toponimia\/wp-json\/wp\/v2\/pages\/15\/revisions"}],"predecessor-version":[{"id":61,"href":"http:\/\/codetik.org\/toponimia\/wp-json\/wp\/v2\/pages\/15\/revisions\/61"}],"wp:attachment":[{"href":"http:\/\/codetik.org\/toponimia\/wp-json\/wp\/v2\/media?parent=15"}],"curies":[{"name":"wp","href":"https:\/\/api.w.org\/{rel}","templated":true}]}}